rmine r(i).
27
Suppose 0 = 3*n + 9*n + 144. Let z be n/27 + (-39)/(-27). Let u(c) = -10*c. Calculate u(z).
-10
Let q(c) be the second derivative of -2*c**3/3 - 17*c**2/2 - 266*c. Give q(-7).
11
Suppose 36 = 4*k - 4*p, 58*k = 62*k + p - 31. Let r(m) = -8*m + 57. Determine r(k).
-7
Let i be (-60)/(-990) + (-295)/(-33). Let v(n) = -n**2 + 12*n - 11. Give v(i).
16
Let i be -1*(-7)/((-7)/(-4)). Suppose 2*v - i = 2*b, 5*v + 3*b = 5*b + 4. Suppose v = 5*g + 5*s + 25 + 15, -4 = s. Let q(w) = 2*w**2 + 5*w - 3. Calculate q(g).
9
Suppose 7*v + 5*u = 10*v - 45, 2*v + 2*u = 14. Let q(y) = y - 13. What is q(v)?
-3
Let c(f) = -14*f**2 - 21*f + 18. Let o(a) = 2*a - 6 + 5*a**2 - a + 6*a. Let k(x) = -6*c(x) - 17*o(x). Determine k(5).
4
Let o(j) be the second derivative of j**4/12 - j**3/6 + j**2 - 5*j. Suppose 16 + 9 = 3*x + c, -20 = -3*x + 4*c. Suppose 5*k = 7 + x. Determine o(k).
8
Let m(v) = 20. Let f(n) = 74*n + 119. Let g(z) = -f(z) + 6*m(z). Determine g(-1).
75
Let m(w) = w**2 + w - 11. Suppose 0*k + k - 1 = -3*v, -2*v + 4*k - 18 = 0. Let d be (-1 - v)/(-3*3/(-3)). Give m(d).
-11
Let x(n) = n**2 + 9*n - 10. Let y be 14/10*5*3/(-3). Determine x(y).
-24
Let y = -2 - -4. Let c(n) = -54*n**2 - n**3 - 6*n + 30*n**y + 31*n**2 + 6. Let b = 13 - 7. Determine c(b).
6
Let h(v) = v**2 + 10*v + 8. Let d(t) = -4*t - 65. Let w be d(-14). Let y be h(w). Let i(r) = 2*r - 1. Calculate i(y).
-3
Let g = 5 - 0. Let q(a) = 3*a - 3. Let j(k) be the first derivative of -k**2/2 - 95. Let f(z) = g*j(z) + q(z). Calculate f(-3).
3
Let q(w) = w - 1. Let s(n) = -6. Let c(d) = 2*q(d) + s(d). Let i = 1 - -2. Suppose 0 = m + i*m - 24. Calculate c(m).
4
Let y(g) = 5*g**2 + 10*g + 32. Let s(i) be the second derivative of -i**4/6 - i**3/2 - 11*i**2/2 - 2*i. Let c(u) = -8*s(u) - 3*y(u). Give c(7).
-1
Let h(y) = -4*y - 7. Let d(w) be the third derivative of 11*w**4/24 + 10*w**3/3 - 32*w**2. Let l(t) = 6*d(t) + 17*h(t). Determine l(-2).
5
Let q(m) = m**3 + 6*m**2 + 2. Let v be q(-6). Suppose p = 2*p - v. Let a(b) = 9*b - 17*b - p + 7*b. Calculate a(-5).
3
Let m(h) be the second derivative of h**6/60 - h**5/60 + h**4/12 - h**3/2 + 3*h**2/2 + 12*h. Let p(i) be the first derivative of m(i). Give p(2).
13
Let z(q) = -3 + 5*q - 9*q + 5*q. Let n(o) = o**3 + o**2 - 5*o - 3. Let v be n(-3). Let s = 2 + v. Give z(s).
-7
Let p(q) = q**2 + 2*q - 318 + 159 - 6*q + 158. Determine p(7).
20
Let z(a) be the second derivative of a**5/20 + 5*a**4/12 + a**3/3 + 11*a**2/2 - 336*a. Calculate z(-5).
1
Let z(v) = 18*v**2 + 2457*v + 1 - 2457*v. Calculate z(1).
19
Let x(m) = 15*m**3 + m - 1. Let u(j) = 15*j - 314. Let l be u(21). Calculate x(l).
15
Let n(o) = -17*o - 1. Let r = 9 - 7. Suppose 0*w - 18 = -v - r*w, 5*w = 10. Let z = 15 - v. What is n(z)?
-18
Let y be (1 - 4)*7/(-21). Let g(x) = -38*x**3 - x**2 + 2*x - 1. Calculate g(y).
-38
Let h(f) be the second derivative of f**4/12 + f**3/3 - 3*f**2 - 22*f. What is h(-4)?
2
Let k(m) be the third derivative of -m**4/3 + m**3 + 28*m**2. Let r(q) = 7*q - 5. Let t(l) = 6*k(l) + 7*r(l). What is t(3)?
4
Let v(f) be the third derivative of f**4/24 + 5*f**3/3 + 9*f**2 + f. Suppose -3*c - 8 = 5*m + 33, -5*c - 24 = 2*m. What is v(m)?
3
Let r(g) = g**2 + g + 11. Let n be ((-3)/(-2))/(3/(-8)) - -4. Give r(n).
11
Let r be ((-7)/2)/(4/(-8)). Let d(m) = 30*m**2 - 60*m**2 + 31*m**2 - 8*m - 5 + 3*m. Determine d(r).
9
Let q = -114 + 115. Let a be 224/(-28) + 3*1/q. Let r(s) = -s - 10. Give r(a).
-5
Let v(a) = -7*a + 3. Let m be 4 - 6/4*(-2)/3. Give v(m).
-32
Let f(i) be the second derivative of -7*i**5/10 - i**4/12 - i**3/6 - i**2/2 + 21*i. Let r = 13 + -5. Let x be r/(-10) - 1/5. Calculate f(x).
13
Let j = 0 + 0. Let h(n) = -5 + 0*n + j + 0*n + n. Suppose z + 0*z = 0. What is h(z)?
-5
Let n(m) = 2*m**2 - 7*m + 1. Suppose 26*d + 9 = 139. Give n(d).
16
Let b be ((-4)/(-2))/2 + 15. Let t(v) = -3*v**2 + 49*v - 8. Let r be t(b). Let y(h) = h**2 - 9*h - 4. Determine y(r).
-12
Let u(n) = 0 + 2 + n**3 - 6*n**2 + 4 - 11. Let o(i) = i**2 + 9*i - 4. Suppose -50 = 3*p + 2*p. Let d be o(p). What is u(d)?
-5
Let b(c) = 2*c + 4. Let z(y) = -2*y**2 + 19*y + 89. Let d be z(13). Calculate b(d).
0
Let x(r) = 4*r**3 + 4 - 13 + 4 - 3*r**3 - r**2. Suppose -2*i - i = -5*b - 10, -5*i = -b - 2. Calculate x(i).
-5
Let w = -15 - -19. Suppose 2*p + w = -2*p. Let k(n) = -8*n**2 + n + 1. Calculate k(p).
-8
Let w(c) = c**2 - 7 - 4*c - 2 + 0*c**2 + 16. What is w(5)?
12
Suppose x - 4*x = 6. Let r be 21/(-14)*(-8)/6. Let l(k) = 0 + k + 2*k**2 - r + 1 + 0. Determine l(x).
5
Let w(z) be the second derivative of z**5/20 - z**4/2 - z**3/6 + z**2/2 - 11*z. Give w(6).
-5
Let g(p) = p**2 + p - 6. Let m be g(0). Let t(h) = 2*h**2 + 16*h + 9. What is t(m)?
-15
Let w = -36 + 82. Suppose w - 22 = 3*i. Let m(n) = -n - 4*n**3 - 3 + i*n**3 + 4 + 2*n. Give m(-1).
-4
Let m(p) = -288*p - 63. Let a(f) = -23*f - 5. Let g(y) = -63*a(y) + 5*m(y). Give g(5).
45
Let k(n) = 4*n - 14 + 24 + 13 - 1 - n**2. What is k(7)?
1
Let p(c) be the second derivative of c**6/360 + c**5/15 - 5*c**4/12 + 14*c**3/3 - 16*c. Let g(d) be the second derivative of p(d). Give g(-8).
-10
Let a(y) = y**2 + 8*y + 2. Let j be a(-8). Let f(m) be the second derivative of m**3/3 - m**2/2 - 9*m. What is f(j)?
3
Let w(r) be the third derivative of 0 + 24*r**2 + 1/3*r**3 - 1/8*r**4 + 0*r. Determine w(5).
-13
Let r(o) = 2*o**2 + 7*o + 2. Let l(f) = -2*f**2 - 7*f - 1. Suppose -3*s + 21 = -2*p, -5*p - 10 = 2*s - s. Let u(x) = p*r(x) - 2*l(x). Give u(-4).
-8
Let q be (-13)/((0 - 3)/(-3)). Let t = 15 + q. Let c(k) = -1 + k**3 + k**3 - 3*k**2 + 2*k**t - k + 0*k**2. Determine c(2).
9
Let i(b) = -b - 3. Let n(f) = 1. Let p(h) = h**3 - 11*h**2 + 14*h - 8. Let c(t) = -6*n(t) - p(t). Let j be c(10). Let m = j + 31. What is i(m)?
4
Let a be 2/15 - (-219)/45. Let g = a + -3. Suppose -4*v = o + 1, 0 + 2 = -g*o + 5*v. Let t(r) = 7*r**3 - r**2 - 2*r - 1. Give t(o).
-7
Let b(f) be the first derivative of 9*f - 1/4*f**4 - 1/2*f**2 + 8 + 0*f**3. Suppose 5*j = -3*q + 5, 4*j - 2 = -3*q + 2. Determine b(q).
9
Let f(d) = d**3 + 9*d**2 - 6*d**2 + 2 - 1 - 2*d - 6*d**2. Let p be ((-2)/(-2))/((-3)/(-9)). Give f(p).
-5
Let f(m) = 5*m - 16. Let i(k) = 10*k - 4. Let z(v) = -v. Let u(g) = 2*i(g) + 18*z(g). Let r(a) = -3*f(a) + 7*u(a). What is r(-7)?
-1
Let z(w) = w + 14. Let y(l) = -9*l + 9 + 21*l - 4*l - 11*l. Let p be y(6). What is z(p)?
5
Suppose -4*l - 6 = 38. Let p(r) be the first derivative of -r**3/3 - 6*r**2 - 11*r - 14. Let h be p(l). Let q(z) = -z**3 - z - 3. What is q(h)?
-3
Let d = 4 - 8. Let j(g) = -7*g**3 - 3*g**2 - 5*g - 10. Let s = 10 + -13. Let c(n) = -4*n**3 - n**2 - 3*n - 5. Let l(y) = s*j(y) + 5*c(y). Determine l(d).
5
Let a(s) = -117 - 117 + 3*s - 2*s + 226. Calculate a(-6).
-14
Let z(t) be the third derivative of -t**6/120 + t**5/12 + 3*t**4/8 - 2*t**3 - 3*t**2 + 164. Give z(6).
6
Let v(y) = y**2 + 4*y - 1. Suppose 23*q + 81 = -34. What is v(q)?
4
Let y(n) be the first derivative of n**4/4 - 4*n**3/3 - 3*n**2 + 2*n - 225. What is y(5)?
-3
Let i(q) = 2*q**3 + 2*q**2 - q. Let s(o) = -4*o + 2. Let b be s(1). Let j be b*1/(-2) - 0. Let p be i(j). Let k(m) = m**3 - 2*m**2 - 3*m + 4. Determine k(p).
4
Let h(b) = -8*b**3 - b**2 + b + 1. Let o be 0 + 1 - (15 - 6). Let w be (4/o)/((-2)/4). Suppose w = -4*m - 3. Calculate h(m).
7
Let n be (-3)/(-2)*24/(-9). Let o be 8/(-5) - n/(-10). Let l(s) = -s**3 - 4 - 3 - 6 - 5*s**2 + 12 - 3*s. Calculate l(o).
-7
Let u be 14 + 1 + 52/(-13). Suppose 10*m = -m + u. Let s(k) = -k - 5*k + k. Give s(m).
-5
Suppose -5*f - 11 = -56. Let j be (320/144 - 2/f)*3. Let b(m) = -m**3 + 5*m**2 + 6*m + 5. Calculate b(j).
5
Let u = -26 + 32. Let i(z) = -8*z**2 + 4*z - 2. Let y(q) = 23*q**2 - 11*q + 6. Let o(b) = u*y(b) + 17*i(b). Give o(-3).
14
Let g(u) = -3*u - 2. Suppose 0*k = k + 2. Let y(f) = 13*f + 7. Let i(w) = k*y(w) - 9*g(w). Suppose 101*s + 18 = 107*s. What is i(s)?
7
Let j(v) = 7*v**3 - 19*v**2 + 9*v - 15. Let t(m) = -m**3 + 2*m**2 - m + 1. Let u(y) = j(y) + 6*t(y). Give u(7).
12
Let a(c) = -c**2 + 2*c + 1. Let m = 1667 - 1667. Determine a(m).
1
Let l(w) = w**2 + 19*w - 3. Let n(b) = b**2 + 13*b - 2. Let t(q) = 5*l(q) - 7*n(q). Suppose 9 = -8*x + 9*x. Suppose 0 - x = -3*i. Give t(i).
-7
Let a(x) = 4*x**2 - 4*x - 1. Let l be a(4). Let g(n) = n - l + 17 + 